t is the remainder when 2137 is divided by 306?
301
What is the remainder when 7808 is divided by 55?
53
What is the remainder when 933 is divided by 4?
1
What is the remainder when 11165 is divided by 74?
65
Calculate the remainder when 87 is divided by 19.
11
What is the remainder when 4196 is divided by 182?
10
What is the remainder when 1475 is divided by 1469?
6
Calculate the remainder when 422 is divided by 9.
8
Calculate the remainder when 27731 is divided by 14.
11
What is the remainder when 58 is divided by 28?
2
What is the remainder when 334 is divided by 188?
146
What is the remainder when 728 is divided by 12?
8
What is the remainder when 245 is divided by 11?
3
Calculate the remainder when 191 is divided by 3.
2
Calculate the remainder when 20 is divided by 14.
6
What is the remainder when 34 is divided by 4?
2
Calculate the remainder when 45 is divided by 24.
21
What is the remainder when 716 is divided by 355?
6
Calculate the remainder when 4655 is divided by 194.
193
Calculate the remainder when 1048 is divided by 564.
484
Calculate the remainder when 133 is divided by 20.
13
Calculate the remainder when 1576 is divided by 5.
1
Calculate the remainder when 34016 is divided by 162.
158
Calculate the remainder when 763 is divided by 261.
241
What is the remainder when 702 is divided by 44?
42
Calculate the remainder when 65 is divided by 5.
0
Calculate the remainder when 27 is divided by 14.
13
What is the remainder when 34 is divided by 24?
10
Calculate the remainder when 2111 is divided by 106.
97
What is the remainder when 193 is divided by 15?
13
What is the remainder when 1072 is divided by 1065?
7
Calculate the remainder when 161 is divided by 86.
75
Calculate the remainder when 165 is divided by 9.
3
Calculate the remainder when 12026 is divided by 2403.
11
What is the remainder when 70 is divided by 15?
10
Calculate the remainder when 2125 is divided by 30.
25
Calculate the remainder when 942 is divided by 458.
26
Calculate the remainder when 166 is divided by 82.
2
Calculate the remainder when 82 is divided by 21.
19
Calculate the remainder when 473 is divided by 195.
83
Calculate the remainder when 213 is divided by 85.
43
Calculate the remainder when 11399 is divided by 34.
9
What is the remainder when 4781 is divided by 8?
5
What is the remainder when 789 is divided by 66?
63
Calculate the remainder when 455 is divided by 225.
5
Calculate the remainder when 6108 is divided by 97.
94
Calculate the remainder when 47 is divided by 25.
22
Calculate the remainder when 206 is divided by 39.
11
What is the remainder when 255 is divided by 75?
30
What is the remainder when 242 is divided by 6?
2
What is the remainder when 840 is divided by 210?
0
What is the remainder when 53 is divided by 17?
2
What is the remainder when 35 is divided by 19?
16
Calculate the remainder when 603 is divided by 258.
87
What is the remainder when 960 is divided by 158?
12
Calculate the remainder when 1306 is divided by 11.
8
Calculate the remainder when 355 is divided by 21.
19
What is the remainder when 66 is divided by 37?
29
Calculate the remainder when 82 is divided by 31.
20
What is the remainder when 931 is divided by 198?
139
What is the remainder when 2519 is divided by 20?
19
Calculate the remainder when 1129 is divided by 50.
29
What is the remainder when 97 is divided by 46?
5
What is the remainder when 2980 is divided by 249?
241
What is the remainder when 272 is divided by 31?
24
Calculate the remainder when 198 is divided by 68.
62
Calculate the remainder when 584 is divided by 42.
38
Calculate the remainder when 586 is divided by 7.
5
What is the remainder when 429 is divided by 9?
6
What is the remainder when 164 is divided by 83?
81
Calculate the remainder when 3145 is divided by 1570.
5
Calculate the remainder when 475 is divided by 28.
27
Calculate the remainder when 219 is divided by 10.
9
What is the remainder when 69 is divided by 8?
5
Calculate the remainder when 659 is divided by 175.
134
Calculate the remainder when 293 is divided by 77.
62
Calculate the remainder when 688 is divided by 6.
4
Calculate the remainder when 1757 is divided by 22.
19
Calculate the remainder when 2210 is divided by 202.
190
What is the remainder when 20 is divided by 13?
7
What is the remainder when 2396 is divided by 109?
107
Calculate the remainder when 5097 is divided by 15.
12
Calculate the remainder when 1408 is divided by 44.
0
What is the remainder when 703 is divided by 657?
46
Calculate the remainder when 542 is divided by 134.
6
Calculate the remainder when 565 is divided by 33.
4
What is the remainder when 120 is divided by 35?
15
Calculate the remainder when 235 is divided by 15.
10
What is the remainder when 118 is divided by 111?
7
What is the remainder when 204 is divided by 16?
12
Calculate the remainder when 127 is divided by 19.
13
Calculate the remainder when 955 is divided by 10.
5
Calculate the remainder when 2434 is divided by 23.
19
Calculate the remainder when 511 is divided by 58.
47
What is the remainder when 9223 is divided by 25?
23
What is the remainder when 635 is divided by 9?
5
What is the remainder when 449 is divided by 18?
17
What is the remainder when 317 is divided by 64?
61
What is the remainder when 33050 is divided by 23?
22
What is the remainder when 2483 is divided by 18?
17
What is the remainder when 857 is divided by 297?
263
What is the remainder when 285 is divided by 22?
21
Calculate the remainder when 696 is divided by 148.
104
What is the remainder when 72 is divided by 16?
8
Calculate the remainder when 112 is divided by 9.
4
What is the remainder when 293 is divided by 79?
56
What is the remainder when 11862 is divided by 276?
270
What is the remainder when 5776 is divided by 41?
36
What is the remainder when 6817 is divided by 110?
107
Calculate the remainder when 888 is divided by 33.
30
Calculate the remainder when 12809 is divided by 11.
5
What is the remainder when 1443 is divided by 358?
11
Calculate the remainder when 3167 is divided by 61.
56
What is the remainder when 437 is divided by 110?
107
What is the remainder when 1890 is divided by 31?
30
Calculate the remainder when 34 is divided by 17.
0
Calculate the remainder when 454 is divided by 24.
22
Calculate the remainder when 64 is divided by 41.
23
What is the remainder when 751 is divided by 78?
49
Calculate the remainder when 550 is divided by 111.
106
What is the remainder when 6238 is divided by 891?
1
What is the remainder when 382 is divided by 48?
46
Calculate the remainder when 6145 is divided by 13.
9
What is the remainder when 544 is divided by 180?
4
Calculate the remainder when 590 is divided by 61.
41
Calculate the remainder when 290 is divided by 56.
10
Calculate the remainder when 152 is divided by 17.
16
Calculate the remainder when 1303 is divided by 434.
1
What is the remainder when 347 is divided by 89?
80
What is the remainder when 4 is divided by 4?
0
What is the remainder when 2241 is divided by 38?
37
What is the remainder when 140 is divided by 29?
24
Calculate the remainder when 4090 is divided by 204.
10
Calculate the remainder when 3426 is divided by 15.
6
What is the remainder when 1204 is divided by 322?
238
What is the remainder when 414 is divided by 26?
24
What is the remainder when 227 is divided by 84?
59
What is the remainder when 8408 is divided by 58?
56
What is the remainder when 170 is divided by 91?
79
Calculate the remainder when 29 is divided by 12.
5
What is the remainder when 1119 is divided by 10?
9
Calculate the remainder when 131 is divided by 6.
5
What is the remainder when 447 is divided by 30?
27
Calculate the remainder when 933 is divided by 85.
83
Calculate the remainder when 26 is divided by 15.
11
What is the remainder when 2035 is divided by 170?
165
What is the remainder when 726 is divided by 255?
216
Calculate the remainder when 12 is divided by 2.
0
What is the remainder when 296 is divided by 143?
10
What is the remainder when 1554 is divided by 225?
204
What is the remainder when 388 is divided by 21?
10
Calculate the remainder when 3852 is divided by 30.
12
What is the remainder when 41 is divided by 18?
5
What is the remainder when 2248 is divided by 117?
25
What 